units digit of w?
5
Suppose -2*t + 0*u + 5*u = -6079, 5*t - 2*u - 15187 = 0. What is the thousands digit of t?
3
Let c(z) = -57*z - 334. Let y be c(-39). Let p = 3450 - y. What is the hundreds digit of p?
5
Suppose 7*f - 168 = -7*f. Suppose -17*c + f*c + 2910 = 0. What is the hundreds digit of c?
5
Let c(o) = 269*o**2 - 2*o - 34. Let j be c(9). Suppose -10183 = -38*z + j. What is the tens digit of z?
4
Let z = -5877 - -5936. What is the units digit of z?
9
Let l = -270 + 463. Let m be (33/9 - 3) + l/3. Let x = m + -49. What is the tens digit of x?
1
Suppose 7*c - 1062 = 5*c + 5*q, -3*c = q - 1610. Let f = 339 + -708. Let b = f + c. What is the tens digit of b?
6
Suppose 4*k + 1069 = 2*u - 8269, -5*u - 4*k + 23317 = 0. What is the units digit of u?
5
Suppose 11*h - 14*h - 114 = 0. Let v = h - -12. Let c = v - -51. What is the tens digit of c?
2
Suppose -4*k - 16 = 0, -3*j - j + 5*k = -2024. What is the units digit of j?
1
Let v = 70 - 55. Let c(d) = -d**3 - 8*d**2 - v*d**2 + 12 + 16*d**2 - d. What is the tens digit of c(-8)?
8
What is the units digit of ((-114)/38 - (0 - 0))/((-1)/1523)?
9
Let j(l) = 45231*l**2 - 42*l - 26. What is the ten thousands digit of j(-1)?
4
Let m = 2047 - 1414. Let k = 1299 - m. What is the tens digit of k?
6
Suppose -5*y - 5 = -5*z, -24*z + 29*z = 2*y - 1. Suppose 2*t = x + t, 0 = -x + 2*t + 3. What is the units digit of ((-280)/(-15) + z)/((-1)/x)?
3
Let x = 958 - 559. Suppose -3*o + n = -446, 5*n = 5*o - 351 - x. What is the hundreds digit of o?
1
Let c(x) = x**3 - 69*x**2 + 15*x - 1033. Let s be c(69). Suppose 3*q - n - 2*n = -786, 1306 = -5*q + 4*n. What is the units digit of 3 - (1/(3/q) - s)?
1
Let t be (10/5)/((-2)/(-4)). Suppose 0 = -m - 2*q + 35, t = -q - 3*q. Suppose -35*h = -m*h + 68. What is the units digit of h?
4
Let h be 454/(4 - 4 - 1/(-2)). Suppose 4*v - h = -2*k, -1856 = 4*k - 8*k + 2*v. What is the units digit of k?
2
Let b(o) = -o - 9. Let s be b(-18). Suppose s*r = 13*r. Suppose -59*u + 64*u - 480 = r. What is the units digit of u?
6
Suppose 4*z + 3632 = 8*h - 3*h, 4*h = -4*z + 2920. Suppose -5*m = t - 1820, 12*m - 10*m = -3*t + h. What is the tens digit of m?
6
Let f(u) = -5*u**3 - 2*u**2 - u. Let m be f(-1). Let b(x) = -x**3 - 5*x**2 - 6*x - 4. Let k be b(-5). Suppose 5*c = k + m. What is the units digit of c?
6
Let f(n) = -24*n**2 + 2 + 5*n + 34*n**2 - 10 + 36*n**2. What is the tens digit of f(3)?
2
Suppose 21*u - 18*u = 0. Suppose u = 2*a + 5*y - 32 + 12, 0 = 3*a + y - 4. What is the units digit of 183*(-4 + (2 - a))/(-6)?
1
Let q be (-4 - 0)*(-2)/(-4)*-1. What is the units digit of -2*17/3*(-3)/q?
7
Let g(y) = y**3 + 10*y**2 + 6*y - 25. Let z be g(-9). Suppose -z*w = 2*k - 4*w - 1218, 2*w = k - 606. What is the units digit of k?
2
Let a(o) = 3*o**2 - 6*o. Let q be a(-4). Suppose -7*p + 11*p = 16. What is the tens digit of 4/(-6)*p*(q + -87)?
4
Let r(u) = 67*u**2 + 2*u + 2. Let w = -165 + 167. What is the tens digit of r(w)?
7
Let u(z) = 49*z**2 - 133*z - 39. Let i(c) = 16*c**2 - 44*c - 13. Let w(m) = -17*i(m) + 6*u(m). What is the thousands digit of w(9)?
1
Let y(d) = d**3 - 7. Let h be y(0). Let l = -410 + 416. What is the tens digit of (5 + h)*(-201)/l?
6
Let c(k) = -196*k - 961. What is the hundreds digit of c(-41)?
0
Let w = -90 + 104. What is the tens digit of (-7)/w*(0 + 122)*-6?
6
Let a(c) = -c**3 + 15*c**2 - 9*c - 31. Let w be a(7). Suppose f = -3*d + 906, f - 2*f = -d + w. What is the hundreds digit of d?
3
Let h be 3/((-3)/(-8149)) - (2 - 4). Suppose 15*w - h = 2*w. What is the units digit of w?
7
Suppose -5*p + 6*h + 7579 = 4*h, -p - h = -1513. Suppose 3*o - 2*c - c = p, -2*c + 1515 = 3*o. What is the hundreds digit of o?
5
Let h(g) = -8*g - 22. Let o be h(-3). Let w be o/((-8)/(-168)*(-6)/(-14)). Let v = -56 + w. What is the units digit of v?
2
Suppose 40*j - 20*j - 2300 = 0. What is the tens digit of (-46)/j*(-64 - 1)?
2
Let g(w) = w**2 - 4*w - 54. Let n(x) = -2*x**2 + 12*x + 107. Let o(u) = 11*g(u) + 6*n(u). What is the units digit of o(14)?
4
Let y = 603 + -343. Suppose -y = 5*l - 1010. Suppose -65 = -2*b + p, l = 4*b + 6*p - 4*p. What is the tens digit of b?
3
Suppose -3*u = 2*j - 2*u - 29, 5*u = -4*j + 61. Suppose 18*r = j*r + 3444. What is the units digit of r?
1
Let w be 1*-1 - (-38 + 32). Suppose 4390 = -w*l + 15*l. What is the units digit of l?
9
Suppose -63 = 5*s + 237. Let x = s + 102. What is the units digit of x?
2
Let z be 1 + 0 + 2 - 2 - -462. Suppose 0 = -5*s + 4*m + z, 2 = 4*m - 10. What is the units digit of s?
5
Let q(n) = 12*n**3 + 8*n**2 - 28*n + 13. What is the units digit of q(7)?
5
Let v(f) = 29480*f**2 - 28*f + 28. What is the ten thousands digit of v(1)?
2
Suppose -29*v + 24*v - q + 14561 = 0, 0 = 2*v - 3*q - 5821. Suppose -4*a - v = -2*h, 12*h - 7*h + a = 7258. What is the thousands digit of h?
1
Suppose -104*d + 0*d = 11*d - 5035620. What is the hundreds digit of d?
7
Suppose -188113 = -34*m + 226916 + 120811. What is the tens digit of m?
6
Let y be (12/(-9))/((-6)/315). Let p be 13340/y - (-8)/(-14). Suppose 62 = a + b, -3*a - b + p = -2*b. What is the tens digit of a?
6
Let g = 2487 - 3571. Let m = g - -1720. What is the hundreds digit of m?
6
Let c be 2 - (-1)/((1*-4)/8). Suppose -3*h - 126 = -c*h. What is the units digit of (-1896)/h + 3/(-21)?
5
Suppose -4*f + 8*f = 7248. Suppose 9*j = 3*j + f. Suppose 5*a = j + 568. What is the units digit of a?
4
Suppose -q + 2*b - b = -118, 3*q - 344 = -2*b. Let v = 514 - q. What is the hundreds digit of v?
3
Suppose 7*c + 1468 = 3*c. Let d = 691 + c. What is the units digit of d?
4
Let d = 760 - 757. Suppose 2506 = 4*v - 5*x, -d*v = v + x - 2494. What is the hundreds digit of v?
6
Let a(j) = -j**3 - 61*j**2 + 46*j + 90. What is the hundreds digit of a(-65)?
0
Let f(a) = 2*a**3 + 3*a**2 - 2*a - 3. Let i be f(2). Let v = 20 - i. What is the hundreds digit of 17/(v/(-5 - 2))?
1
Suppose 5*m + 3 = 4*i - 7, -3*i + 17 = m. Suppose i*v - 62 = 8. Suppose 10*y + 624 = v*y. What is the hundreds digit of y?
1
Suppose -4*u + r = -1504, -r - 1869 = -5*u + 3*r. Suppose 0 = 25*n - 24*n - u. What is the units digit of n?
7
Let r = 158 - 170. What is the units digit of (-4)/(-1) + -588*8/r?
6
What is the units digit of 14285 + (-17)/((-595)/(-21)) + 32/20?
6
Let i = -179 - -141. What is the hundreds digit of 6/(i/68 - -1)*20?
2
Let v(p) = -7*p**2 + 594*p - 67. What is the hundreds digit of v(77)?
1
Suppose 5*k + 885 = 5*m, -3*m + 4*k - 142 + 668 = 0. What is the hundreds digit of 3 + (m - 1) + (-15 - -16)?
1
What is the tens digit of (-5)/135*-91281 - (-8)/36?
8
Suppose -256*w + 2782303 = -3684513. What is the units digit of w?
1
Let q(x) = x**2 + 5*x - 7. Let c be q(-4). Let s(b) = b**2 - 12*b - 27. What is the tens digit of s(c)?
2
Let i = 40 + -45. Let z be 1 + (-4)/i + (-1)/(-5). Suppose z*y + 13 = 3*b + 205, -96 = -y + 2*b. What is the tens digit of y?
9
Let b = -19548 + 21226. What is the thousands digit of b?
1
Let c = -108 - -144. Let v(q) = q**3 - 37*q**2 + 49*q + 24. What is the hundreds digit of v(c)?
4
Suppose -3*b + 2*p = 4, -b = -2*p + 4 - 0. Suppose -r = 2*u + 6, 0 = -4*r - 4*u - b*u - 28. What is the units digit of r*(-3 - 20/(-8))?
4
Suppose 275*q - 115*q - 18262790 = -310*q. What is the units digit of q?
7
Let f(b) = 45*b + 587. What is the units digit of f(0)?
7
Let x = -4330 + 5820. What is the tens digit of x?
9
Let o be ((-4)/(-14) - (-25)/35) + 556. Suppose -5*i + 3*b + o = 0, 3*i - 323 = -2*b + b. Suppose 0 = -f + i - 17. What is the tens digit of f?
9
Suppose -4*x + 8*x + 2*p = 34, 5*x + 3*p = 44. What is the units digit of -5*(8 - x) - -763*1?
8
Let w(n) = -n**2 - 10*n - 5. Let s be w(-9). Suppose -3 = -3*o - q - 6, 1 = -o - s*q. What is the units digit of (1*o)/(2*2/(-80))?
0
Suppose -2*n - 14*l - 2508 = -19*l, 3*n - 2*l = -3784. Let v = -808 - n. What is the tens digit of v?
5
Suppose 8*w - 11*w + 15 = 0. Suppose 3*r - 2*h - w - 4 = 0, -2*r - 3*h = -19. What is the units digit of (0 - (-105)/14)*6/r?
9
Let l = 14 - 19. Let t be (120 - 25/l)/1. Let z = -84 + t. What is the tens digit of z?
4
Let m(v) = -3*v**2 - v + 1. Let f be m(-1). What is the hundreds digit of -1*((-5)/4)/(f/(-148))?
1
Let t = -1309 - -4457. What is the thousands digit of t?
3
Let f = -36 - -39. Suppose 7 = -t + 2*t - 3*q, 4*